-- https://www.phpmyadmin.net/
--
-- Servidor: 127.0.0.1:3308
-- Tiempo de generación: 26-10-2021 a las 23:40:10
-- Versión del servidor: 8.0.18
-- Versión de PHP: 7.3.12

START TRANSACTION;



--
-- Base de datos: `brix`
--

-- --------------------------------------------------------

--
-- Estructura de tabla para la tabla `archivos`
--

CREATE TABLE IF NOT EXISTS `archivos` (
  `id` int(10) UNSIGNED NOT NULL AUTO_INCREMENT,
  `pac_id` int(11) DEFAULT NULL,
  `archivo` varchar(191) COLLATE utf8mb4_unicode_ci DEFAULT NULL,
  `nombre` varchar(191) COLLATE utf8mb4_unicode_ci DEFAULT NULL,
  `tipo` varchar(191) COLLATE utf8mb4_unicode_ci DEFAULT NULL,
  `ext` varchar(191) COLLATE utf8mb4_unicode_ci DEFAULT NULL,
  `tipo_formato` varchar(191) COLLATE utf8mb4_unicode_ci DEFAULT NULL,
  `archivo_bin` blob,
  `nota_general` text COLLATE utf8mb4_unicode_ci,
  `created_at` timestamp NULL DEFAULT NULL,
  `updated_at` timestamp NULL DEFAULT NULL,
  PRIMARY KEY (`id`)
) ENGINE=MyISAM AUTO_INCREMENT=2 DEFAULT CHARSET=utf8mb4 COLLATE=utf8mb4_unicode_ci;

--
-- Volcado de datos para la tabla `archivos`
--

INSERT INTO `archivos` (`id`, `pac_id`, `archivo`, `nombre`, `tipo`, `ext`, `tipo_formato`, `archivo_bin`, `nota_general`, `created_at`, `updated_at`) VALUES
(1, 1, '1589342624.pdf', '1589342624.pdf', 'Interconsulta', '.pdf', 'application/pdf', '', NULL, '2020-05-13 08:05:47', '2020-05-13 08:05:47');

-- --------------------------------------------------------

--
-- Estructura de tabla para la tabla `archivoscreados`
--

CREATE TABLE IF NOT EXISTS `archivoscreados` (
  `id` int(10) UNSIGNED NOT NULL AUTO_INCREMENT,
  `pac_id` int(11) DEFAULT NULL,
  `info` text COLLATE utf8mb4_unicode_ci,
  `tipo_doc` varchar(191) COLLATE utf8mb4_unicode_ci DEFAULT NULL,
  `created_at` timestamp NULL DEFAULT NULL,
  `updated_at` timestamp NULL DEFAULT NULL,
  PRIMARY KEY (`id`)
) ENGINE=MyISAM AUTO_INCREMENT=2 DEFAULT CHARSET=utf8mb4 COLLATE=utf8mb4_unicode_ci;

--
-- Volcado de datos para la tabla `archivoscreados`
--

INSERT INTO `archivoscreados` (`id`, `pac_id`, `info`, `tipo_doc`, `created_at`, `updated_at`) VALUES
(1, 1, 'dasdas', 'Interconsulta', '2020-05-13 08:05:44', '2020-05-13 08:05:44');

-- --------------------------------------------------------

--
-- Estructura de tabla para la tabla `areas`
--

CREATE TABLE IF NOT EXISTS `areas` (
  `id` int(10) UNSIGNED NOT NULL AUTO_INCREMENT,
  `sucursal_id` int(10) UNSIGNED NOT NULL,
  `nombre` varchar(191) COLLATE utf8mb4_unicode_ci NOT NULL,
  PRIMARY KEY (`id`),
  KEY `areas_sucursal_id_foreign` (`sucursal_id`)
) ENGINE=MyISAM DEFAULT CHARSET=utf8mb4 COLLATE=utf8mb4_unicode_ci;

-- --------------------------------------------------------

--
-- Estructura de tabla para la tabla `boxs`
--

CREATE TABLE IF NOT EXISTS `boxs` (
  `id` int(10) UNSIGNED NOT NULL AUTO_INCREMENT,
  `area_id` int(10) UNSIGNED NOT NULL,
  `nombre` varchar(191) COLLATE utf8mb4_unicode_ci NOT NULL,
  PRIMARY KEY (`id`),
  KEY `boxs_area_id_foreign` (`area_id`)
) ENGINE=MyISAM DEFAULT CHARSET=utf8mb4 COLLATE=utf8mb4_unicode_ci;

-- --------------------------------------------------------

--
-- Estructura de tabla para la tabla `citas`
--

CREATE TABLE IF NOT EXISTS `citas` (
  `id` int(10) UNSIGNED NOT NULL AUTO_INCREMENT,
  `pac_id` int(10) UNSIGNED NOT NULL,
  `profesional_id` int(11) DEFAULT NULL,
  `sucursal_id` int(11) DEFAULT NULL,
  `fecha` date NOT NULL,
  `hora_ini` time DEFAULT NULL,
  `hora_fin` time DEFAULT NULL,
  `nota` varchar(150) COLLATE utf8mb4_unicode_ci DEFAULT NULL,
  `confirmacion` int(11) DEFAULT NULL,
  `asistencia` int(11) DEFAULT NULL,
  `estado` int(11) DEFAULT NULL,
  `created_at` timestamp NULL DEFAULT NULL,
  `updated_at` timestamp NULL DEFAULT NULL,
  PRIMARY KEY (`id`),
  KEY `citas_pac_id_foreign` (`pac_id`)
) ENGINE=MyISAM AUTO_INCREMENT=3 DEFAULT CHARSET=utf8mb4 COLLATE=utf8mb4_unicode_ci;

--
-- Volcado de datos para la tabla `citas`
--

INSERT INTO `citas` (`id`, `pac_id`, `profesional_id`, `sucursal_id`, `fecha`, `hora_ini`, `hora_fin`, `nota`, `confirmacion`, `asistencia`, `estado`, `created_at`, `updated_at`) VALUES
(1, 1, 2, 1, '2020-05-12', '06:00:00', '06:15:00', NULL, NULL, NULL, 1, '2020-05-12 06:05:50', '2020-05-12 06:05:50'),
(2, 1, 2, 1, '2020-05-12', '06:45:00', '07:00:00', NULL, NULL, NULL, 1, '2020-05-12 07:05:57', '2020-05-12 07:05:57');

-- --------------------------------------------------------

--
-- Estructura de tabla para la tabla `comunas`
--

CREATE TABLE IF NOT EXISTS `comunas` (
  `id` int(10) UNSIGNED NOT NULL AUTO_INCREMENT,
  `nombre` varchar(191) COLLATE utf8mb4_unicode_ci NOT NULL,
  PRIMARY KEY (`id`)
) ENGINE=MyISAM AUTO_INCREMENT=2 DEFAULT CHARSET=utf8mb4 COLLATE=utf8mb4_unicode_ci;

--
-- Volcado de datos para la tabla `comunas`
--

INSERT INTO `comunas` (`id`, `nombre`) VALUES
(1, 'Santiago');

-- --------------------------------------------------------

--
-- Estructura de tabla para la tabla `configuraciones`
--

CREATE TABLE IF NOT EXISTS `configuraciones` (
  `id` int(10) UNSIGNED NOT NULL AUTO_INCREMENT,
  `nombre` varchar(191) COLLATE utf8mb4_unicode_ci DEFAULT NULL,
  `valor` varchar(191) COLLATE utf8mb4_unicode_ci DEFAULT NULL,
  `valor_default` varchar(191) COLLATE utf8mb4_unicode_ci DEFAULT NULL,
  `created_at` timestamp NULL DEFAULT NULL,
  `updated_at` timestamp NULL DEFAULT NULL,
  PRIMARY KEY (`id`)
) ENGINE=MyISAM AUTO_INCREMENT=6 DEFAULT CHARSET=utf8mb4 COLLATE=utf8mb4_unicode_ci;

--
-- Volcado de datos para la tabla `configuraciones`
--

INSERT INTO `configuraciones` (`id`, `nombre`, `valor`, `valor_default`, `created_at`, `updated_at`) VALUES
(1, 'BloquesMinutos', '15', '15', '2020-05-12 01:05:58', '2020-05-12 01:05:58'),
(2, 'DiasVigenciaCotizacion', '30', '30', '2020-05-12 01:05:58', '2020-05-12 01:05:58'),
(3, 'DiasHabilitadosProxCitas', '30', '30', '2020-05-12 01:05:58', '2020-05-12 01:05:58'),
(4, 'MesesHabilitadosNotas', '3', '3', '2020-05-12 01:05:58', '2020-05-12 01:05:58'),
(5, 'MesesHabilitadosNotificaciones', '12', '12', '2020-05-12 01:05:58', '2020-05-12 01:05:58');

-- --------------------------------------------------------

--
-- Estructura de tabla para la tabla `cotizaciones`
--

CREATE TABLE IF NOT EXISTS `cotizaciones` (
  `id` int(10) UNSIGNED NOT NULL AUTO_INCREMENT,
  `pac_id` int(10) UNSIGNED NOT NULL,
  `estado` int(11) NOT NULL,
  `vigencia` date DEFAULT NULL,
  `nota_general` text COLLATE utf8mb4_unicode_ci,
  `created_at` timestamp NULL DEFAULT NULL,
  `updated_at` timestamp NULL DEFAULT NULL,
  PRIMARY KEY (`id`),
  KEY `cotizaciones_pac_id_foreign` (`pac_id`)
) ENGINE=MyISAM AUTO_INCREMENT=2 DEFAULT CHARSET=utf8mb4 COLLATE=utf8mb4_unicode_ci;

--
-- Volcado de datos para la tabla `cotizaciones`
--

INSERT INTO `cotizaciones` (`id`, `pac_id`, `estado`, `vigencia`, `nota_general`, `created_at`, `updated_at`) VALUES
(1, 1, 2, '2020-06-11', NULL, '2020-05-12 07:05:30', '2020-05-12 08:05:07');

-- --------------------------------------------------------

--
-- Estructura de tabla para la tabla `detalle_cotizacion`
--

CREATE TABLE IF NOT EXISTS `detalle_cotizacion` (
  `id` int(10) UNSIGNED NOT NULL AUTO_INCREMENT,
  `cotizacion_id` int(10) UNSIGNED NOT NULL,
  `detalle` varchar(191) COLLATE utf8mb4_unicode_ci DEFAULT NULL,
  `estado` int(11) NOT NULL,
  `idservicio` int(11) DEFAULT NULL,
  `idsubservicio` int(11) DEFAULT NULL,
  `iddetallesubserv` int(11) DEFAULT NULL,
  `otroservicio` text COLLATE utf8mb4_unicode_ci,
  `piezadental` int(11) DEFAULT NULL,
  `cantidad` int(11) DEFAULT NULL,
  `valor` int(11) DEFAULT NULL,
  `descuento` int(11) DEFAULT NULL,
  `nota_asociada` text COLLATE utf8mb4_unicode_ci,
  `created_at` timestamp NULL DEFAULT NULL,
  `updated_at` timestamp NULL DEFAULT NULL,
  PRIMARY KEY (`id`),
  KEY `detalle_cotizacion_cotizacion_id_foreign` (`cotizacion_id`)
) ENGINE=MyISAM AUTO_INCREMENT=3 DEFAULT CHARSET=utf8mb4 COLLATE=utf8mb4_unicode_ci;

--
-- Volcado de datos para la tabla `detalle_cotizacion`
--

INSERT INTO `detalle_cotizacion` (`id`, `cotizacion_id`, `detalle`, `estado`, `idservicio`, `idsubservicio`, `iddetallesubserv`, `otroservicio`, `piezadental`, `cantidad`, `valor`, `descuento`, `nota_asociada`, `created_at`, `updated_at`) VALUES
(1, 1, NULL, 2, 1, 1, 1, NULL, 16, 1, 5000, 540, 'rtyrtyrt as', '2020-05-12 08:05:19', '2020-05-13 07:05:18'),
(2, 1, NULL, 1, NULL, NULL, NULL, 'gfdgdf dfgfd  trtrrt trttr ty jgfg', NULL, 1, 5700, NULL, 'dddd', '2020-05-12 08:05:34', '2020-05-12 08:05:32');

-- --------------------------------------------------------

--
-- Estructura de tabla para la tabla `detalle_subservicio`
--

CREATE TABLE IF NOT EXISTS `detalle_subservicio` (
  `id` int(10) UNSIGNED NOT NULL AUTO_INCREMENT,
  `subservicio_id` int(10) UNSIGNED NOT NULL,
  `nombre` varchar(191) COLLATE utf8mb4_unicode_ci NOT NULL,
  `piezadental` int(11) DEFAULT NULL,
  `estado` int(11) DEFAULT NULL,
  PRIMARY KEY (`id`),
  KEY `detalle_subservicio_subservicio_id_foreign` (`subservicio_id`)
) ENGINE=MyISAM AUTO_INCREMENT=3 DEFAULT CHARSET=utf8mb4 COLLATE=utf8mb4_unicode_ci;

--
-- Volcado de datos para la tabla `detalle_subservicio`
--

INSERT INTO `detalle_subservicio` (`id`, `subservicio_id`, `nombre`, `piezadental`, `estado`) VALUES
(1, 1, 'det1', 4, NULL),
(2, 1, 'det2', 6, NULL);

-- --------------------------------------------------------

--
-- Estructura de tabla para la tabla `especialidades`
--

CREATE TABLE IF NOT EXISTS `especialidades` (
  `id` int(10) UNSIGNED NOT NULL AUTO_INCREMENT,
  `nombre` varchar(191) COLLATE utf8mb4_unicode_ci NOT NULL,
  `created_at` timestamp NULL DEFAULT NULL,
  `updated_at` timestamp NULL DEFAULT NULL,
  PRIMARY KEY (`id`)
) ENGINE=MyISAM AUTO_INCREMENT=2 DEFAULT CHARSET=utf8mb4 COLLATE=utf8mb4_unicode_ci;

--
-- Volcado de datos para la tabla `especialidades`
--

INSERT INTO `especialidades` (`id`, `nombre`, `created_at`, `updated_at`) VALUES
(1, 'especialidad 1', '2020-05-12 19:05:08', '2020-05-12 19:05:08');

-- --------------------------------------------------------

--
-- Estructura de tabla para la tabla `estado_cotizacion`
--

CREATE TABLE IF NOT EXISTS `estado_cotizacion` (
  `id` int(10) UNSIGNED NOT NULL AUTO_INCREMENT,
  `nombre` varchar(191) COLLATE utf8mb4_unicode_ci NOT NULL,
  PRIMARY KEY (`id`)
) ENGINE=MyISAM DEFAULT CHARSET=utf8mb4 COLLATE=utf8mb4_unicode_ci;

-- --------------------------------------------------------

--
-- Estructura de tabla para la tabla `estado_servicio`
--

CREATE TABLE IF NOT EXISTS `estado_servicio` (
  `id` int(10) UNSIGNED NOT NULL AUTO_INCREMENT,
  `nombre` varchar(191) COLLATE utf8mb4_unicode_ci DEFAULT NULL,
  PRIMARY KEY (`id`)
) ENGINE=MyISAM AUTO_INCREMENT=5 DEFAULT CHARSET=utf8mb4 COLLATE=utf8mb4_unicode_ci;

--
-- Volcado de datos para la tabla `estado_servicio`
--

INSERT INTO `estado_servicio` (`id`, `nombre`) VALUES
(1, 'activo'),
(2, 'hecho'),
(3, 'abonado'),
(4, 'pagado');

-- --------------------------------------------------------

--
-- Estructura de tabla para la tabla `funcionarios`
--

CREATE TABLE IF NOT EXISTS `funcionarios` (
  `id` int(10) UNSIGNED NOT NULL AUTO_INCREMENT,
  `user_id` bigint(20) UNSIGNED NOT NULL,
  `rut` varchar(191) COLLATE utf8mb4_unicode_ci NOT NULL,
  `nombre` varchar(191) COLLATE utf8mb4_unicode_ci NOT NULL,
  `apaterno` varchar(191) COLLATE utf8mb4_unicode_ci DEFAULT NULL,
  `amaterno` varchar(191) COLLATE utf8mb4_unicode_ci DEFAULT NULL,
  `nacionalidad` int(11) DEFAULT NULL,
  `direccion` varchar(191) COLLATE utf8mb4_unicode_ci DEFAULT NULL,
  `comuna` int(11) DEFAULT NULL,
  `email` varchar(191) COLLATE utf8mb4_unicode_ci DEFAULT NULL,
  `telefono1` varchar(191) COLLATE utf8mb4_unicode_ci DEFAULT NULL,
  `telefono2` varchar(191) COLLATE utf8mb4_unicode_ci DEFAULT NULL,
  `genero` varchar(9) COLLATE utf8mb4_unicode_ci DEFAULT NULL,
  `fnacimiento` date DEFAULT NULL,
  `estado` int(11) DEFAULT NULL,
  `created_at` timestamp NULL DEFAULT NULL,
  `updated_at` timestamp NULL DEFAULT NULL,
  PRIMARY KEY (`id`),
  KEY `funcionarios_user_id_foreign` (`user_id`)
) ENGINE=MyISAM AUTO_INCREMENT=3 DEFAULT CHARSET=utf8mb4 COLLATE=utf8mb4_unicode_ci;

--
-- Volcado de datos para la tabla `funcionarios`
--

INSERT INTO `funcionarios` (`id`, `user_id`, `rut`, `nombre`, `apaterno`, `amaterno`, `nacionalidad`, `direccion`, `comuna`, `email`, `telefono1`, `telefono2`, `genero`, `fnacimiento`, `estado`, `created_at`, `updated_at`) VALUES
(1, 1, '1-9', 'Administrador', NULL, NULL, NULL, NULL, NULL, 'administrador@gnoma.cl', NULL, NULL, NULL, NULL, 1, '2020-05-12 01:05:57', '2020-05-12 01:05:57'),
(2, 4, '15.756.798-5', 'cristian', 'muñoz', 'anziani', 1, NULL, 1, 'cristian@gnoma.cl', NULL, NULL, '0', '1987-05-10', 1, '2020-05-12 02:05:01', '2021-03-09 04:03:06');

-- --------------------------------------------------------

--
-- Estructura de tabla para la tabla `inventario_boxs`
--

CREATE TABLE IF NOT EXISTS `inventario_boxs` (
  `id` int(10) UNSIGNED NOT NULL AUTO_INCREMENT,
  `box_id` int(10) UNSIGNED NOT NULL,
  `insumo` varchar(191) COLLATE utf8mb4_unicode_ci NOT NULL,
  `cantidad` int(11) NOT NULL,
  `cant_utilizada` int(11) NOT NULL,
  `created_at` timestamp NULL DEFAULT NULL,
  `updated_at` timestamp NULL DEFAULT NULL,
  PRIMARY KEY (`id`),
  KEY `inventario_boxs_box_id_foreign` (`box_id`)
) ENGINE=MyISAM DEFAULT CHARSET=utf8mb4 COLLATE=utf8mb4_unicode_ci;

-- --------------------------------------------------------

--
-- Estructura de tabla para la tabla `isapres`
--

CREATE TABLE IF NOT EXISTS `isapres` (
  `id` int(10) UNSIGNED NOT NULL AUTO_INCREMENT,
  `nombre` varchar(191) COLLATE utf8mb4_unicode_ci NOT NULL,
  `estado` int(11) DEFAULT NULL,
  PRIMARY KEY (`id`)
) ENGINE=MyISAM AUTO_INCREMENT=15 DEFAULT CHARSET=utf8mb4 COLLATE=utf8mb4_unicode_ci;

--
-- Volcado de datos para la tabla `isapres`
--

INSERT INTO `isapres` (`id`, `nombre`, `estado`) VALUES
(1, 'Fondo nacional de salud (Fonasa)', 1),
(2, 'Isapre Banmedica', 1),
(3, 'Isapre Cruz Blanca', 1),
(4, 'Isapre Colmena', 1),
(5, 'Isapre Consalud', 1),
(6, 'Isapre Cruz del norte', 1),
(7, 'Isapre Fundacion Banco Estado', 1),
(8, 'Isapre Fusat', 1),
(9, 'Isapre Nueva Másvida', 1),
(10, 'Isapre Rio Blanco', 1),
(11, 'Isapre San Lorenzo', 1),
(12, 'Isapre Vida tres', 1),
(13, 'Isapres Chuquicamata', 1),
(14, 'Particular', 1);

-- --------------------------------------------------------

--
-- Estructura de tabla para la tabla `laboratorios`
--

CREATE TABLE IF NOT EXISTS `laboratorios` (
  `id` int(10) UNSIGNED NOT NULL AUTO_INCREMENT,
  `nombre` varchar(191) COLLATE utf8mb4_unicode_ci NOT NULL,
  PRIMARY KEY (`id`)
) ENGINE=MyISAM AUTO_INCREMENT=2 DEFAULT CHARSET=utf8mb4 COLLATE=utf8mb4_unicode_ci;

--
-- Volcado de datos para la tabla `laboratorios`
--

INSERT INTO `laboratorios` (`id`, `nombre`) VALUES
(1, 'Rayos X');

-- --------------------------------------------------------

--
-- Estructura de tabla para la tabla `migrations`
--

CREATE TABLE IF NOT EXISTS `migrations` (
  `id` int(10) UNSIGNED NOT NULL AUTO_INCREMENT,
  `migration` varchar(255) COLLATE utf8mb4_unicode_ci NOT NULL,
  `batch` int(11) NOT NULL,
  PRIMARY KEY (`id`)
) ENGINE=MyISAM AUTO_INCREMENT=60 DEFAULT CHARSET=utf8mb4 COLLATE=utf8mb4_unicode_ci;

--
-- Volcado de datos para la tabla `migrations`
--

INSERT INTO `migrations` (`id`, `migration`, `batch`) VALUES
(1, '2014_10_12_000000_create_users_table', 1),
(2, '2014_10_12_100000_create_password_resets_table', 1),
(3, '2019_12_29_181314_create_pacientes_table', 1),
(4, '2019_12_30_155541_add_user_id_column_to_pacientes_table', 1),
(5, '2019_12_30_190100_create_roles_table', 1),
(6, '2019_12_31_163101_add_rol_id_column_to_users_table', 1),
(7, '2019_12_31_163828_create_modulos_table', 1),
(8, '2019_12_31_163947_create_roles_modulos_table', 1),
(9, '2019_12_31_170325_add_rol_id_column_to_roles_modulos_table', 1),
(10, '2019_12_31_171138_add_modulo_id_column_to_roles_modulos_table', 1),
(11, '2019_12_31_171436_create_notas_medicas_table', 1),
(12, '2020_01_02_183512_create_tipo_notas_medicas_table', 1),
(13, '2020_01_02_184036_add_tnm_id_column_to_notas_medicas_table', 1),
(14, '2020_01_02_202510_create_paises_table', 1),
(15, '2020_01_02_202542_create_citas_table', 1),
(16, '2020_01_02_203550_create_sucursales_table', 1),
(17, '2020_01_02_203621_create_areas_table', 1),
(18, '2020_01_02_203655_create_boxs_table', 1),
(19, '2020_01_02_203856_create_cotizaciones_table', 1),
(20, '2020_01_02_203927_create_isapres_table', 1),
(21, '2020_01_02_204144_create_detalle_cotizacion_table', 1),
(22, '2020_01_02_204256_create_servicios_table', 1),
(23, '2020_01_02_204338_create_monedas_table', 1),
(24, '2020_01_02_204405_create_laboratorios_table', 1),
(25, '2020_01_02_210053_create_inventario_boxs_table', 1),
(26, '2020_01_02_214404_add_sucursal_id_column_to_areas_table', 1),
(27, '2020_01_02_214537_add_areas_id_column_to_boxs_table', 1),
(28, '2020_01_02_214643_add_box_id_column_to_inventario_boxs_table', 1),
(29, '2020_01_02_214752_add_pac_id_column_to_citas_table', 1),
(30, '2020_01_02_215150_add_pac_id_column_to_cotizaciones_table', 1),
(31, '2020_01_02_215406_add_moneda_id_column_to_servicios_table', 1),
(32, '2020_01_02_215643_add_cotizacion_id_column_to_detalle_cotizacion_table', 1),
(33, '2020_01_06_195641_create_estado_cotizacion_table', 1),
(34, '2020_01_06_200355_create_subservicios_table', 1),
(35, '2020_01_06_200636_add_servicio_id_column_to_subservicios_table', 1),
(36, '2020_01_07_012952_create_comunas_table', 1),
(37, '2020_01_13_150821_create_detalle_subservicio_table', 1),
(38, '2020_01_13_153125_create_piezas_dentales_table', 1),
(39, '2020_01_13_153624_add_subservicio_id_column_to_detalle_subservicio_table', 1),
(40, '2020_01_20_190403_create_archivos_table', 1),
(41, '2020_01_29_200227_create_estado_servicio_table', 1),
(42, '2020_01_30_131704_create_pagos_table', 1),
(43, '2020_02_10_235009_create_configuraciones_table', 1),
(44, '2020_02_18_055725_create_sucursal_profesional_table', 1),
(45, '2020_02_21_003611_create_profesional_horario_table', 1),
(46, '2020_03_16_205006_create_notas_table', 1),
(47, '2020_03_18_210442_create_sesionasistente_table', 1),
(48, '2020_04_13_174246_create_responsable_financiero_table', 1),
(49, '2020_04_20_050135_create_notificaciones_table', 1),
(50, '2020_04_24_201122_create_profesionales_table', 1),
(51, '2020_04_24_201658_create_funcionarios_table', 1),
(52, '2020_04_24_204819_add_user_id_column_to_profesionales_table', 1),
(53, '2020_04_24_204904_add_user_id_column_to_funcionarios_table', 1),
(54, '2020_04_24_211855_add_pac_id_column_to_responsable_financiero_table', 1),
(55, '2020_04_30_000631_create_especialidades_table', 1),
(56, '2020_04_30_001021_create_prof_espec_table', 1),
(57, '2020_04_30_001138_create_prof_servicio_table', 1),
(58, '2020_04_30_010439_create_sesion_usuario_table', 1),
(59, '2020_05_05_043300_create_archivoscreados_table', 1);

-- --------------------------------------------------------

--
-- Estructura de tabla para la tabla `modulos`
--

CREATE TABLE IF NOT EXISTS `modulos` (
  `id` int(10) UNSIGNED NOT NULL AUTO_INCREMENT,
  `nombre` varchar(191) COLLATE utf8mb4_unicode_ci NOT NULL,
  PRIMARY KEY (`id`)
) ENGINE=MyISAM AUTO_INCREMENT=29 DEFAULT CHARSET=utf8mb4 COLLATE=utf8mb4_unicode_ci;

--
-- Volcado de datos para la tabla `modulos`
--

INSERT INTO `modulos` (`id`, `nombre`) VALUES
(1, 'Profesionales'),
(2, 'Funcionarios  '),
(3, 'Especialidades'),
(4, 'Roles'),
(5, 'Modulos'),
(6, 'Servicios'),
(7, 'Isapres'),
(8, 'Sucursales'),
(9, 'Laboratorios'),
(10, 'Monedas'),
(11, 'Piezas dentales'),
(12, 'Tipo notas medicas'),
(13, 'Configuraciones'),
(14, 'Index'),
(15, 'Agenda diaria'),
(16, 'Pacientes'),
(17, 'Sesión del asistente'),
(18, 'Reservar hora'),
(19, 'Notas profesionales'),
(20, 'Pagos'),
(21, 'Cotizaciones'),
(22, 'Notificaciones funcionario'),
(23, 'Notificaciones profesional'),
(24, 'Datos del paciente'),
(25, 'Configurar apariencia'),
(26, 'Pacientes secretaria'),
(27, 'Paises'),
(28, 'Comunas');

-- --------------------------------------------------------

--
-- Estructura de tabla para la tabla `monedas`
--

CREATE TABLE IF NOT EXISTS `monedas` (
  `id` int(10) UNSIGNED NOT NULL AUTO_INCREMENT,
  `nombre` varchar(191) COLLATE utf8mb4_unicode_ci NOT NULL,
  `simbolo` varchar(191) COLLATE utf8mb4_unicode_ci DEFAULT NULL,
  `abrev` varchar(191) COLLATE utf8mb4_unicode_ci DEFAULT NULL,
  PRIMARY KEY (`id`)
) ENGINE=MyISAM AUTO_INCREMENT=2 DEFAULT CHARSET=utf8mb4 COLLATE=utf8mb4_unicode_ci;

--
-- Volcado de datos para la tabla `monedas`
--

INSERT INTO `monedas` (`id`, `nombre`, `simbolo`, `abrev`) VALUES
(1, 'Peso chileno', '$', 'CLP');

-- --------------------------------------------------------

--
-- Estructura de tabla para la tabla `notas`
--

CREATE TABLE IF NOT EXISTS `notas` (
  `id` int(10) UNSIGNED NOT NULL AUTO_INCREMENT,
  `user_id` int(11) DEFAULT NULL,
  `texto` text COLLATE utf8mb4_unicode_ci,
  `vigencia` date DEFAULT NULL,
  `created_at` timestamp NULL DEFAULT NULL,
  `updated_at` timestamp NULL DEFAULT NULL,
  PRIMARY KEY (`id`)
) ENGINE=MyISAM AUTO_INCREMENT=2 DEFAULT CHARSET=utf8mb4 COLLATE=utf8mb4_unicode_ci;

-- --------------------------------------------------------

--
-- Estructura de tabla para la tabla `notas_medicas`
--

CREATE TABLE IF NOT EXISTS `notas_medicas` (
  `id` int(10) UNSIGNED NOT NULL AUTO_INCREMENT,
  `tnm_id` int(10) UNSIGNED NOT NULL,
  `profesional_id` int(11) NOT NULL,
  `pac_id` int(11) NOT NULL,
  `detalle` text COLLATE utf8mb4_unicode_ci NOT NULL,
  `created_at` timestamp NULL DEFAULT NULL,
  `updated_at` timestamp NULL DEFAULT NULL,
  PRIMARY KEY (`id`),
  KEY `notas_medicas_tnm_id_foreign` (`tnm_id`)
) ENGINE=MyISAM AUTO_INCREMENT=2 DEFAULT CHARSET=utf8mb4 COLLATE=utf8mb4_unicode_ci;

--
-- Volcado de datos para la tabla `notas_medicas`
--

INSERT INTO `notas_medicas` (`id`, `tnm_id`, `profesional_id`, `pac_id`, `detalle`, `created_at`, `updated_at`) VALUES
(1, 2, 2, 1, 'rctvbh', '2020-05-12 07:05:22', '2020-05-12 07:05:22');

-- --------------------------------------------------------

--
-- Estructura de tabla para la tabla `notificaciones`
--

CREATE TABLE IF NOT EXISTS `notificaciones` (
  `id` int(10) UNSIGNED NOT NULL AUTO_INCREMENT,
  `asignacion` varchar(191) COLLATE utf8mb4_unicode_ci DEFAULT NULL,
  `texto` text COLLATE utf8mb4_unicode_ci,
  `vigencia` date DEFAULT NULL,
  `created_at` timestamp NULL DEFAULT NULL,
  `updated_at` timestamp NULL DEFAULT NULL,
  PRIMARY KEY (`id`)
) ENGINE=MyISAM AUTO_INCREMENT=3 DEFAULT CHARSET=utf8mb4 COLLATE=utf8mb4_unicode_ci;

--
-- Volcado de datos para la tabla `notificaciones`
--

INSERT INTO `notificaciones` (`id`, `asignacion`, `texto`, `vigencia`, `created_at`, `updated_at`) VALUES
(1, '1', 'sadasdasdasdd', '2020-05-15', '2020-05-12 01:05:46', '2020-05-12 01:05:46'),
(2, '2,3', 'arg ds  fd dfdf dsdfsdsdf krsbmlñ slñerr v kdsvsd ewlkw', '2020-06-07', '2020-05-12 23:05:07', '2020-05-12 23:05:07');

-- --------------------------------------------------------

--
-- Estructura de tabla para la tabla `pacientes`
--

CREATE TABLE IF NOT EXISTS `pacientes` (
  `pac_id` int(10) UNSIGNED NOT NULL AUTO_INCREMENT,
  `user_id` bigint(20) UNSIGNED NOT NULL,
  `apaterno` varchar(191) COLLATE utf8mb4_unicode_ci NOT NULL,
  `amaterno` varchar(191) COLLATE utf8mb4_unicode_ci NOT NULL,
  `nombre` varchar(191) COLLATE utf8mb4_unicode_ci NOT NULL,
  `nacionalidad` int(11) DEFAULT NULL,
  `direccion` varchar(191) COLLATE utf8mb4_unicode_ci DEFAULT NULL,
  `comuna` int(11) DEFAULT NULL,
  `rut` varchar(191) COLLATE utf8mb4_unicode_ci NOT NULL,
  `email` varchar(191) COLLATE utf8mb4_unicode_ci NOT NULL,
  `telefono1` varchar(191) COLLATE utf8mb4_unicode_ci DEFAULT NULL,
  `telefono2` varchar(191) COLLATE utf8mb4_unicode_ci DEFAULT NULL,
  `genero` varchar(191) COLLATE utf8mb4_unicode_ci DEFAULT NULL,
  `fnacimiento` date NOT NULL,
  `prevision` int(11) DEFAULT NULL,
  `estado` int(11) NOT NULL,
  `created_at` timestamp NULL DEFAULT NULL,
  `updated_at` timestamp NULL DEFAULT NULL,
  PRIMARY KEY (`pac_id`),
  KEY `pacientes_user_id_foreign` (`user_id`)
) ENGINE=MyISAM AUTO_INCREMENT=4 DEFAULT CHARSET=utf8mb4 COLLATE=utf8mb4_unicode_ci;

--
-- Volcado de datos para la tabla `pacientes`
--

INSERT INTO `pacientes` (`pac_id`, `user_id`, `apaterno`, `amaterno`, `nombre`, `nacionalidad`, `direccion`, `comuna`, `rut`, `email`, `telefono1`, `telefono2`, `genero`, `fnacimiento`, `prevision`, `estado`, `created_at`, `updated_at`) VALUES
(1, 5, 'castro', 'd', 'rosa', NULL, NULL, 1, '8.034.220-9', 'rosa@gnoma.cl', '1234567', NULL, '0', '1992-05-14', 4, 1, '2020-05-12 02:05:32', '2020-05-12 07:05:20'),
(2, 6, 'audicio', 'vera', 'eduardo', NULL, NULL, NULL, '8.480.442-8', 'eduardo.audicio@gnoma.cl', NULL, NULL, NULL, '1965-12-30', NULL, 1, '2020-06-13 04:06:12', '2020-06-13 04:06:12'),
(3, 7, 'audicio', 'vera', 'eduardo', NULL, NULL, NULL, '1-9', 'eaudicio@hotmail.com', '12345678', NULL, NULL, '1965-12-30', NULL, 1, '2021-03-09 03:03:20', '2021-03-09 03:03:20');

-- --------------------------------------------------------

--
-- Estructura de tabla para la tabla `pagos`
--

CREATE TABLE IF NOT EXISTS `pagos` (
  `id` int(10) UNSIGNED NOT NULL AUTO_INCREMENT,
  `pac_id` int(11) DEFAULT NULL,
  `tipopago` int(11) DEFAULT NULL,
  `monto` int(11) DEFAULT NULL,
  `created_at` timestamp NULL DEFAULT NULL,
  `updated_at` timestamp NULL DEFAULT NULL,
  PRIMARY KEY (`id`)
) ENGINE=MyISAM AUTO_INCREMENT=2 DEFAULT CHARSET=utf8mb4 COLLATE=utf8mb4_unicode_ci;

--
-- Volcado de datos para la tabla `pagos`
--

INSERT INTO `pagos` (`id`, `pac_id`, `tipopago`, `monto`, `created_at`, `updated_at`) VALUES
(1, 1, 4, 10000, '2020-05-13 07:05:06', '2020-05-13 07:05:06');

-- --------------------------------------------------------

--
-- Estructura de tabla para la tabla `paises`
--

CREATE TABLE IF NOT EXISTS `paises` (
  `id` int(10) UNSIGNED NOT NULL AUTO_INCREMENT,
  `nombre` varchar(150) COLLATE utf8mb4_unicode_ci NOT NULL,
  `nacionalidad` varchar(150) COLLATE utf8mb4_unicode_ci NOT NULL,
  PRIMARY KEY (`id`)
) ENGINE=MyISAM AUTO_INCREMENT=2 DEFAULT CHARSET=utf8mb4 COLLATE=utf8mb4_unicode_ci;

--
-- Volcado de datos para la tabla `paises`
--

INSERT INTO `paises` (`id`, `nombre`, `nacionalidad`) VALUES
(1, 'Chile', 'Chileno');

-- --------------------------------------------------------

--
-- Estructura de tabla para la tabla `piezas_dentales`
--

CREATE TABLE IF NOT EXISTS `piezas_dentales` (
  `id` int(10) UNSIGNED NOT NULL AUTO_INCREMENT,
  `nombre` varchar(150) COLLATE utf8mb4_unicode_ci NOT NULL,
  `nro` int(11) NOT NULL,
  `info` varchar(150) COLLATE utf8mb4_unicode_ci DEFAULT NULL,
  PRIMARY KEY (`id`)
) ENGINE=MyISAM AUTO_INCREMENT=33 DEFAULT CHARSET=utf8mb4 COLLATE=utf8mb4_unicode_ci;

--
-- Volcado de datos para la tabla `piezas_dentales`
--

INSERT INTO `piezas_dentales` (`id`, `nombre`, `nro`, `info`) VALUES
(1, 'tercer molar superior derecha', 1, 'chilena'),
(2, 'segundo molar superior derecha', 2, 'chilena'),
(3, 'primer molar superior derecha', 3, 'chilena'),
(4, 'segundo premolar superior derecha', 4, 'chilena'),
(5, 'primer premolar superior derecha', 5, 'chilena'),
(6, 'canino superior derecha', 6, 'chilena'),
(7, 'incisivo lateral superior derecha', 7, 'chilena'),
(8, 'incisivo central superior derecha', 8, 'chilena'),
(9, 'incisivo central superior izquierda', 9, 'chilena'),
(10, 'incisivo lateral superior izquierda', 10, 'chilena'),
(11, 'canino superior izquierda', 11, 'chilena'),
(12, 'primer premolar superior izquierda', 12, 'chilena'),
(13, 'segundo premolar superior izquierda', 13, 'chilena'),
(14, 'primer molar superior izquierda', 14, 'chilena'),
(15, 'segundo molar superior izquierda', 15, 'chilena'),
(16, 'tercer molar superior izquierda', 16, 'chilena'),
(17, 'tercer molar inferior derecha', 17, 'chilena'),
(18, 'segundo molar inferior derecha', 18, 'chilena'),
(19, 'primer molar izquierdo derecha', 19, 'chilena'),
(20, 'segundo premolar inferior derecha', 20, 'chilena'),
(21, 'primer premolar inferior derecha', 21, 'chilena'),
(22, 'canino inferior derecha', 22, 'chilena'),
(23, 'incisivo lateral inferior derecha', 23, 'chilena'),
(24, 'incisivo central inferior derecha', 24, 'chilena'),
(25, 'incisivo central inferior izquierda', 25, 'chilena'),
(26, 'incisivo lateral inferior izquierda', 26, 'chilena'),
(27, 'canino inferior izquierda', 27, 'chilena'),
(28, 'primer premolar inferior izquierda', 28, 'chilena'),
(29, 'segundo premolar inferior izquierda', 29, 'chilena'),
(30, 'primer molar inferior izquierda', 30, 'chilena'),
(31, 'segundo molar inferior izquierda', 31, 'chilena'),
(32, 'tercer molar inferior izquierda', 32, 'chilena');

-- --------------------------------------------------------

--
-- Estructura de tabla para la tabla `profesionales`
--

CREATE TABLE IF NOT EXISTS `profesionales` (
  `id` int(10) UNSIGNED NOT NULL AUTO_INCREMENT,
  `user_id` bigint(20) UNSIGNED NOT NULL,
  `rut` varchar(191) COLLATE utf8mb4_unicode_ci NOT NULL,
  `nombre` varchar(191) COLLATE utf8mb4_unicode_ci NOT NULL,
  `apaterno` varchar(191) COLLATE utf8mb4_unicode_ci DEFAULT NULL,
  `amaterno` varchar(191) COLLATE utf8mb4_unicode_ci DEFAULT NULL,
  `nacionalidad` int(11) DEFAULT NULL,
  `direccion` varchar(191) COLLATE utf8mb4_unicode_ci DEFAULT NULL,
  `comuna` int(11) DEFAULT NULL,
  `email` varchar(191) COLLATE utf8mb4_unicode_ci DEFAULT NULL,
  `telefono1` varchar(191) COLLATE utf8mb4_unicode_ci DEFAULT NULL,
  `telefono2` varchar(191) COLLATE utf8mb4_unicode_ci DEFAULT NULL,
  `genero` varchar(191) COLLATE utf8mb4_unicode_ci DEFAULT NULL,
  `fnacimiento` date DEFAULT NULL,
  `gradoacademico` varchar(191) COLLATE utf8mb4_unicode_ci DEFAULT NULL,
  `anotitulo` varchar(191) COLLATE utf8mb4_unicode_ci DEFAULT NULL,
  `universidad` varchar(191) COLLATE utf8mb4_unicode_ci DEFAULT NULL,
  `especialidades` varchar(191) COLLATE utf8mb4_unicode_ci DEFAULT NULL,
  `estado` int(11) DEFAULT NULL,
  `created_at` timestamp NULL DEFAULT NULL,
  `updated_at` timestamp NULL DEFAULT NULL,
  PRIMARY KEY (`id`),
  KEY `profesionales_user_id_foreign` (`user_id`)
) ENGINE=MyISAM AUTO_INCREMENT=3 DEFAULT CHARSET=utf8mb4 COLLATE=utf8mb4_unicode_ci;

--
-- Volcado de datos para la tabla `profesionales`
--

INSERT INTO `profesionales` (`id`, `user_id`, `rut`, `nombre`, `apaterno`, `amaterno`, `nacionalidad`, `direccion`, `comuna`, `email`, `telefono1`, `telefono2`, `genero`, `fnacimiento`, `gradoacademico`, `anotitulo`, `universidad`, `especialidades`, `estado`, `created_at`, `updated_at`) VALUES
(1, 2, '16.832.401-4', 'Álvaro', 'Castro', 'San Martín', 1, 'pedrolagos', NULL, 'alvaro@gnoma.cl', NULL, NULL, 'Masculino', '1991-07-07', NULL, NULL, NULL, NULL, 1, '2020-05-12 01:05:35', '2020-05-12 01:05:35'),
(2, 3, '8.206.857-0', 'alberto', 'castro', 'alvarez', NULL, NULL, NULL, 'alberto@gnoma.cl', NULL, NULL, '0', '1990-05-13', NULL, NULL, NULL, NULL, 1, '2020-05-12 02:05:58', '2020-05-12 02:05:58');

-- --------------------------------------------------------

--
-- Estructura de tabla para la tabla `profesional_horario`
--

CREATE TABLE IF NOT EXISTS `profesional_horario` (
  `id` int(10) UNSIGNED NOT NULL AUTO_INCREMENT,
  `profesional_id` int(11) DEFAULT NULL,
  `lun_estado` int(11) DEFAULT NULL,
  `lun_ini` time DEFAULT NULL,
  `lun_fin` time DEFAULT NULL,
  `lun_colacion` int(11) DEFAULT NULL,
  `lun_col1` time DEFAULT NULL,
  `lun_col2` time DEFAULT NULL,
  `mar_estado` int(11) DEFAULT NULL,
  `mar_ini` time DEFAULT NULL,
  `mar_fin` time DEFAULT NULL,
  `mar_colacion` int(11) DEFAULT NULL,
  `mar_col1` time DEFAULT NULL,
  `mar_col2` time DEFAULT NULL,
  `mie_estado` int(11) DEFAULT NULL,
  `mie_ini` time DEFAULT NULL,
  `mie_fin` time DEFAULT NULL,
  `mie_colacion` int(11) DEFAULT NULL,
  `mie_col1` time DEFAULT NULL,
  `mie_col2` time DEFAULT NULL,
  `jue_estado` int(11) DEFAULT NULL,
  `jue_ini` time DEFAULT NULL,
  `jue_fin` time DEFAULT NULL,
  `jue_colacion` int(11) DEFAULT NULL,
  `jue_col1` time DEFAULT NULL,
  `jue_col2` time DEFAULT NULL,
  `vie_estado` int(11) DEFAULT NULL,
  `vie_ini` time DEFAULT NULL,
  `vie_fin` time DEFAULT NULL,
  `vie_colacion` int(11) DEFAULT NULL,
  `vie_col1` time DEFAULT NULL,
  `vie_col2` time DEFAULT NULL,
  `sab_estado` int(11) DEFAULT NULL,
  `sab_ini` time DEFAULT NULL,
  `sab_fin` time DEFAULT NULL,
  `sab_colacion` int(11) DEFAULT NULL,
  `sab_col1` time DEFAULT NULL,
  `sab_col2` time DEFAULT NULL,
  `dom_estado` int(11) DEFAULT NULL,
  `dom_ini` time DEFAULT NULL,
  `dom_fin` time DEFAULT NULL,
  `dom_colacion` int(11) DEFAULT NULL,
  `dom_col1` time DEFAULT NULL,
  `dom_col2` time DEFAULT NULL,
  `created_at` timestamp NULL DEFAULT NULL,
  `updated_at` timestamp NULL DEFAULT NULL,
  PRIMARY KEY (`id`)
) ENGINE=MyISAM AUTO_INCREMENT=3 DEFAULT CHARSET=utf8mb4 COLLATE=utf8mb4_unicode_ci;

--
-- Volcado de datos para la tabla `profesional_horario`
--

INSERT INTO `profesional_horario` (`id`, `profesional_id`, `lun_estado`, `lun_ini`, `lun_fin`, `lun_colacion`, `lun_col1`, `lun_col2`, `mar_estado`, `mar_ini`, `mar_fin`, `mar_colacion`, `mar_col1`, `mar_col2`, `mie_estado`, `mie_ini`, `mie_fin`, `mie_colacion`, `mie_col1`, `mie_col2`, `jue_estado`, `jue_ini`, `jue_fin`, `jue_colacion`, `jue_col1`, `jue_col2`, `vie_estado`, `vie_ini`, `vie_fin`, `vie_colacion`, `vie_col1`, `vie_col2`, `sab_estado`, `sab_ini`, `sab_fin`, `sab_colacion`, `sab_col1`, `sab_col2`, `dom_estado`, `dom_ini`, `dom_fin`, `dom_colacion`, `dom_col1`, `dom_col2`, `created_at`, `updated_at`) VALUES
(1, 2, 0, NULL, NULL, 0, NULL, NULL, 1, '06:00:00', '23:00:00', 0, NULL, NULL, 0, NULL, NULL, 0, NULL, NULL, 0, NULL, NULL, 0, NULL, NULL, 1, '07:30:00', '22:00:00', 0, NULL, NULL, 0, NULL, NULL, 0, NULL, NULL, 0, NULL, NULL, 0, NULL, NULL, '2020-05-12 01:05:35', '2020-05-12 06:05:53'),
(2, 3, NULL, NULL, NULL, NULL, NULL, NULL, NULL, NULL, NULL, NULL, NULL, NULL, NULL, NULL, NULL, NULL, NULL, NULL, NULL, NULL, NULL, NULL, NULL, NULL, NULL, NULL, NULL, NULL, NULL, NULL, NULL, NULL, NULL, NULL, NULL, NULL, NULL, NULL, NULL, NULL, NULL, NULL, '2020-05-12 02:05:58', '2020-05-12 02:05:58');

-- --------------------------------------------------------

--
-- Estructura de tabla para la tabla `prof_espec`
--

CREATE TABLE IF NOT EXISTS `prof_espec` (
  `id` int(10) UNSIGNED NOT NULL AUTO_INCREMENT,
  `profesional_id` int(11) NOT NULL,
  `espec_id` int(11) NOT NULL,
  `estado` int(11) NOT NULL,
  PRIMARY KEY (`id`)
) ENGINE=MyISAM AUTO_INCREMENT=3 DEFAULT CHARSET=utf8mb4 COLLATE=utf8mb4_unicode_ci;

--
-- Volcado de datos para la tabla `prof_espec`
--

INSERT INTO `prof_espec` (`id`, `profesional_id`, `espec_id`, `estado`) VALUES
(1, 2, 1, 1),
(2, 3, 1, 1);

-- --------------------------------------------------------

--
-- Estructura de tabla para la tabla `prof_servicio`
--

CREATE TABLE IF NOT EXISTS `prof_servicio` (
  `id` int(10) UNSIGNED NOT NULL AUTO_INCREMENT,
  `profesional_id` int(11) NOT NULL,
  `servicio_id` int(11) NOT NULL,
  PRIMARY KEY (`id`)
) ENGINE=MyISAM DEFAULT CHARSET=utf8mb4 COLLATE=utf8mb4_unicode_ci;

-- --------------------------------------------------------

--
-- Estructura de tabla para la tabla `responsable_financiero`
--

CREATE TABLE IF NOT EXISTS `responsable_financiero` (
  `rf_id` int(10) UNSIGNED NOT NULL AUTO_INCREMENT,
  `pac_id` int(10) UNSIGNED NOT NULL,
  `apaterno` varchar(191) COLLATE utf8mb4_unicode_ci DEFAULT NULL,
  `amaterno` varchar(191) COLLATE utf8mb4_unicode_ci DEFAULT NULL,
  `nombre` varchar(191) COLLATE utf8mb4_unicode_ci DEFAULT NULL,
  `nacionalidad` int(11) DEFAULT NULL,
  `direccion` varchar(191) COLLATE utf8mb4_unicode_ci DEFAULT NULL,
  `comuna` int(11) DEFAULT NULL,
  `rut` varchar(191) COLLATE utf8mb4_unicode_ci DEFAULT NULL,
  `email` varchar(191) COLLATE utf8mb4_unicode_ci DEFAULT NULL,
  `telefono1` varchar(191) COLLATE utf8mb4_unicode_ci DEFAULT NULL,
  `telefono2` varchar(191) COLLATE utf8mb4_unicode_ci DEFAULT NULL,
  `genero` varchar(191) COLLATE utf8mb4_unicode_ci DEFAULT NULL,
  `fnacimiento` date DEFAULT NULL,
  `prevision` int(11) DEFAULT NULL,
  `created_at` timestamp NULL DEFAULT NULL,
  `updated_at` timestamp NULL DEFAULT NULL,
  PRIMARY KEY (`rf_id`),
  KEY `responsable_financiero_pac_id_foreign` (`pac_id`)
) ENGINE=MyISAM DEFAULT CHARSET=utf8mb4 COLLATE=utf8mb4_unicode_ci;

-- --------------------------------------------------------

--
-- Estructura de tabla para la tabla `roles`
--

CREATE TABLE IF NOT EXISTS `roles` (
  `id` int(10) UNSIGNED NOT NULL AUTO_INCREMENT,
  `nombre` varchar(191) COLLATE utf8mb4_unicode_ci NOT NULL,
  `descripcion` varchar(191) COLLATE utf8mb4_unicode_ci DEFAULT NULL,
  `tipo_rol` int(11) DEFAULT NULL,
  PRIMARY KEY (`id`)
) ENGINE=MyISAM AUTO_INCREMENT=7 DEFAULT CHARSET=utf8mb4 COLLATE=utf8mb4_unicode_ci;

--
-- Volcado de datos para la tabla `roles`
--

INSERT INTO `roles` (`id`, `nombre`, `descripcion`, `tipo_rol`) VALUES
(1, 'Administrador', 'Administrador', 0),
(2, 'Paciente', 'Paciente', 2),
(3, 'Dentista', 'Dentista', 1),
(4, 'Asistente', 'Asistente', 1),
(5, 'Secretaria', 'secretaria', 0),
(6, 'recepcionista', 'recepcionista de la recepcion', 0);

-- --------------------------------------------------------

--
-- Estructura de tabla para la tabla `roles_modulos`
--

CREATE TABLE IF NOT EXISTS `roles_modulos` (
  `id` int(10) UNSIGNED NOT NULL AUTO_INCREMENT,
  `rol_id` int(10) UNSIGNED NOT NULL,
  `modulo_id` int(10) UNSIGNED NOT NULL,
  `descripcion` varchar(191) COLLATE utf8mb4_unicode_ci DEFAULT NULL,
  PRIMARY KEY (`id`),
  KEY `roles_modulos_rol_id_foreign` (`rol_id`),
  KEY `roles_modulos_modulo_id_foreign` (`modulo_id`)
) ENGINE=MyISAM AUTO_INCREMENT=42 DEFAULT CHARSET=utf8mb4 COLLATE=utf8mb4_unicode_ci;

--
-- Volcado de datos para la tabla `roles_modulos`
--

INSERT INTO `roles_modulos` (`id`, `rol_id`, `modulo_id`, `descripcion`) VALUES
(1, 1, 1, 'Administrador profesionales'),
(2, 1, 2, 'Administrador funcionarios'),
(3, 1, 3, 'Administrador especialidades'),
(4, 1, 4, 'Administrador roles'),
(5, 1, 5, 'Administrador modulos'),
(6, 1, 6, 'Administrador servicios'),
(7, 1, 7, 'Administrador isapre'),
(8, 1, 8, 'Administrador sucursales'),
(9, 1, 9, 'Administrador laboratorios'),
(10, 1, 10, 'Administrador monedas'),
(11, 1, 11, 'Administrador piezas dentales'),
(12, 1, 12, 'Administrador tipo notas medicas'),
(13, 1, 13, 'Administrador configuraciones'),
(14, 1, 14, 'Administrador index'),
(15, 1, 22, 'Administrador notificaciones funcionario'),
(16, 1, 25, 'Administrador configurar apariencia'),
(17, 3, 14, 'Dentista index'),
(18, 3, 15, 'Dentista agenda diaria'),
(19, 3, 16, 'Dentista pacientes'),
(20, 3, 17, 'Dentista sesion del asistente'),
(21, 3, 19, 'Dentista notas profesional'),
(22, 3, 25, 'Dentista configurar apariencia'),
(23, 2, 14, 'Paciente index'),
(24, 2, 18, 'Paciente reservar hora'),
(25, 2, 24, 'Paciente datos del paciente'),
(26, 2, 25, 'Paciente configurar apariencia'),
(27, 4, 14, 'Asistente index'),
(28, 4, 15, 'Asistente Agenda diaria'),
(29, 4, 16, 'Asistente Pacientes'),
(30, 4, 19, 'Asistente notas profesional'),
(31, 4, 25, 'Asistente configurar apariencia'),
(32, 5, 14, 'Secretaria index'),
(33, 5, 20, 'Secretaria pagos'),
(34, 5, 21, 'Secretaria cotizaciones'),
(35, 5, 22, 'Secretaria notificaciones funcionario'),
(36, 5, 25, 'Secretaria configurar apariencia'),
(37, 5, 1, 'Secretaria profesionales'),
(38, 5, 3, 'Secretaria especialidades'),
(39, 5, 26, 'Secretaria pacientes'),
(40, 1, 27, 'Administrador paises'),
(41, 1, 28, 'Administrador comunas');

-- --------------------------------------------------------

--
-- Estructura de tabla para la tabla `servicios`
--

CREATE TABLE IF NOT EXISTS `servicios` (
  `id` int(10) UNSIGNED NOT NULL AUTO_INCREMENT,
  `moneda_id` int(10) UNSIGNED NOT NULL,
  `nombre` varchar(191) COLLATE utf8mb4_unicode_ci NOT NULL,
  `precio` int(11) DEFAULT NULL,
  `descuento` int(11) DEFAULT NULL,
  `piezadental` int(11) DEFAULT NULL,
  `estado` int(11) DEFAULT NULL,
  PRIMARY KEY (`id`),
  KEY `servicios_moneda_id_foreign` (`moneda_id`)
) ENGINE=MyISAM AUTO_INCREMENT=2 DEFAULT CHARSET=utf8mb4 COLLATE=utf8mb4_unicode_ci;

--
-- Volcado de datos para la tabla `servicios`
--

INSERT INTO `servicios` (`id`, `moneda_id`, `nombre`, `precio`, `descuento`, `piezadental`, `estado`) VALUES
(1, 1, 'dasd', 21300, NULL, 0, 1);

-- --------------------------------------------------------

--
-- Estructura de tabla para la tabla `sesionasistente`
--

CREATE TABLE IF NOT EXISTS `sesionasistente` (
  `id` int(10) UNSIGNED NOT NULL AUTO_INCREMENT,
  `profesional_id` int(11) NOT NULL,
  `asistente_id` int(11) NOT NULL,
  `estado` int(11) NOT NULL,
  `fecha` date NOT NULL,
  `hora_ini` time DEFAULT NULL,
  `hora_fin` time DEFAULT NULL,
  `created_at` timestamp NULL DEFAULT NULL,
  `updated_at` timestamp NULL DEFAULT NULL,
  PRIMARY KEY (`id`)
) ENGINE=MyISAM AUTO_INCREMENT=3 DEFAULT CHARSET=utf8mb4 COLLATE=utf8mb4_unicode_ci;

--
-- Volcado de datos para la tabla `sesionasistente`
--

INSERT INTO `sesionasistente` (`id`, `profesional_id`, `asistente_id`, `estado`, `fecha`, `hora_ini`, `hora_fin`, `created_at`, `updated_at`) VALUES
(1, 2, 3, 2, '2020-05-12', '15:38:00', '21:37:00', '2020-05-12 19:05:11', '2020-05-13 01:05:23'),
(2, 2, 3, 2, '2021-03-08', '21:43:00', '21:56:00', '2021-03-09 00:03:03', '2021-03-09 00:03:26');

-- --------------------------------------------------------

--
-- Estructura de tabla para la tabla `sesion_usuario`
--

CREATE TABLE IF NOT EXISTS `sesion_usuario` (
  `id` int(10) UNSIGNED NOT NULL AUTO_INCREMENT,
  `created_at` timestamp NULL DEFAULT NULL,
  `updated_at` timestamp NULL DEFAULT NULL,
  PRIMARY KEY (`id`)
) ENGINE=MyISAM DEFAULT CHARSET=utf8mb4 COLLATE=utf8mb4_unicode_ci;

-- --------------------------------------------------------

--
-- Estructura de tabla para la tabla `subservicios`
--

CREATE TABLE IF NOT EXISTS `subservicios` (
  `id` int(10) UNSIGNED NOT NULL AUTO_INCREMENT,
  `servicio_id` int(10) UNSIGNED NOT NULL,
  `nombre` varchar(191) COLLATE utf8mb4_unicode_ci NOT NULL,
  `precio` int(11) DEFAULT NULL,
  `descuento` int(11) DEFAULT NULL,
  `piezadental` int(11) DEFAULT NULL,
  `estado` int(11) DEFAULT NULL,
  PRIMARY KEY (`id`),
  KEY `subservicios_servicio_id_foreign` (`servicio_id`)
) ENGINE=MyISAM AUTO_INCREMENT=2 DEFAULT CHARSET=utf8mb4 COLLATE=utf8mb4_unicode_ci;

--
-- Volcado de datos para la tabla `subservicios`
--

INSERT INTO `subservicios` (`id`, `servicio_id`, `nombre`, `precio`, `descuento`, `piezadental`, `estado`) VALUES
(1, 1, 'asdasd2', NULL, NULL, 1, 1);

-- --------------------------------------------------------

--
-- Estructura de tabla para la tabla `sucursales`
--

CREATE TABLE IF NOT EXISTS `sucursales` (
  `id` int(10) UNSIGNED NOT NULL AUTO_INCREMENT,
  `nombre` varchar(191) COLLATE utf8mb4_unicode_ci NOT NULL,
  `rut` varchar(191) COLLATE utf8mb4_unicode_ci DEFAULT NULL,
  `direccion` varchar(191) COLLATE utf8mb4_unicode_ci DEFAULT NULL,
  `comuna` int(11) DEFAULT NULL,
  `estado` int(11) DEFAULT NULL,
  PRIMARY KEY (`id`)
) ENGINE=MyISAM AUTO_INCREMENT=2 DEFAULT CHARSET=utf8mb4 COLLATE=utf8mb4_unicode_ci;

--
-- Volcado de datos para la tabla `sucursales`
--

INSERT INTO `sucursales` (`id`, `nombre`, `rut`, `direccion`, `comuna`, `estado`) VALUES
(1, 'clinica 1', '1-9', 'santo domingo con morande', 1, 1);

-- --------------------------------------------------------

--
-- Estructura de tabla para la tabla `sucursal_profesional`
--

CREATE TABLE IF NOT EXISTS `sucursal_profesional` (
  `id` int(10) UNSIGNED NOT NULL AUTO_INCREMENT,
  `user_id` int(11) DEFAULT NULL,
  `sucursal_id` int(11) DEFAULT NULL,
  `created_at` timestamp NULL DEFAULT NULL,
  `updated_at` timestamp NULL DEFAULT NULL,
  PRIMARY KEY (`id`)
) ENGINE=MyISAM AUTO_INCREMENT=3 DEFAULT CHARSET=utf8mb4 COLLATE=utf8mb4_unicode_ci;

--
-- Volcado de datos para la tabla `sucursal_profesional`
--

INSERT INTO `sucursal_profesional` (`id`, `user_id`, `sucursal_id`, `created_at`, `updated_at`) VALUES
(1, 2, 1, '2020-05-12 01:05:35', '2020-05-12 01:05:35'),
(2, 3, 1, '2020-05-12 02:05:58', '2020-05-12 02:05:58');

-- --------------------------------------------------------

--
-- Estructura de tabla para la tabla `tipo_notas_medicas`
--

CREATE TABLE IF NOT EXISTS `tipo_notas_medicas` (
  `id` int(10) UNSIGNED NOT NULL AUTO_INCREMENT,
  `nombre` varchar(150) COLLATE utf8mb4_unicode_ci NOT NULL,
  `tipo` varchar(25) COLLATE utf8mb4_unicode_ci DEFAULT NULL,
  `datajson` varchar(250) COLLATE utf8mb4_unicode_ci DEFAULT NULL,
  PRIMARY KEY (`id`)
) ENGINE=MyISAM AUTO_INCREMENT=4 DEFAULT CHARSET=utf8mb4 COLLATE=utf8mb4_unicode_ci;

--
-- Volcado de datos para la tabla `tipo_notas_medicas`
--

INSERT INTO `tipo_notas_medicas` (`id`, `nombre`, `tipo`, `datajson`) VALUES
(1, 'Bitácora', 'text', ''),
(2, 'Medicamentos', 'text', ''),
(3, 'Alergias', 'text', '');
COMMIT;

